is the remainder when v is divided by (396/(-165))/(6/(-40))?
15
Let s(a) = a**2 - 38*a + 89. Calculate the remainder when 1120 is divided by s(36).
15
Suppose -154 = -5*w - 44. Calculate the remainder when w is divided by 4.
2
Calculate the remainder when 78 is divided by ((-12)/14)/((-18)/378).
6
Let m(k) = 110*k**2 + 6*k - 7. What is the remainder when m(1) is divided by 16?
13
Suppose 0 = 25*f - 168 + 18. Let z(a) = -2*a + 5. Calculate the remainder when z(-5) is divided by f.
3
Let t = 115 + -91. Calculate the remainder when t is divided by (2/3)/(-1) + (-96)/(-9).
4
Let v = 30 - 47. Let s = 93 + v. Calculate the remainder when s is divided by 26.
24
Suppose 664*d - 652*d - 3828 = 0. Calculate the remainder when d is divided by 119.
81
Suppose 9068 + 381 = 11*g. Calculate the remainder when g is divided by 72.
67
Suppose -2*s + 5*c + 2 = 0, -5*c + 8 = 2*s + 6. Calculate the remainder when 3 is divided by s.
0
Let s = -11 - -14. Suppose -s*d + 25 = -17. Suppose 0 = -3*x - 5*x + 48. What is the remainder when d is divided by x?
2
Let f(d) = -d**2 - 12*d - 12. Let o be f(-10). Let x = -2 + o. Suppose x = 2*c - 0. Calculate the remainder when c is divided by 1.
0
Let n be (28 + -4)*3/6. Let r = n - 20. Calculate the remainder when 41 is divided by (r - (-3 + -1)) + 26.
19
Suppose 44*m = 41*m + 42. Suppose 33 = q - 48. Calculate the remainder when q is divided by m.
11
Suppose 80 = n - 2*b, 2*n + 2*b - 90 = 52. Suppose n = 4*j - 102. What is the remainder when j is divided by 23?
21
Let k = -910 + 1158. What is the remainder when k is divided by 87?
74
Suppose 1089 = 3*b - 693. Calculate the remainder when b is divided by 35.
34
Suppose 4*h - 5*n - 5 = 0, 0 = -h - 5*n - 0*n - 5. Suppose 3*b - 69 + h = 0. Calculate the remainder when 12 is divided by (9 - b)*(-2)/4.
5
Suppose 961 - 277 = 12*i. Calculate the remainder when i is divided by (6/(-4))/((-18)/120).
7
Let k = 2 - -49. Let j(d) = -d**2 + 12 + 8*d + 8 + 2. What is the remainder when k is divided by j(9)?
12
Let o be 1*(3 - 2 - 1). Suppose o = -a + 2*a - 9. What is the remainder when 44 is divided by a?
8
Let c = 12 + -8. Suppose -d = -c - 59. What is the remainder when 69 is divided by (36/21)/(6/d)?
15
Suppose 0 = -0*n + n - 12. Suppose -n = -4*i + 4. Suppose i*l + 56 = 200. What is the remainder when l is divided by 10?
6
Let s = -407 + 574. What is the remainder when s is divided by 57?
53
Let q(p) = -16*p**3 - 2*p**2 - 2*p - 2. What is the remainder when q(-2) is divided by (56/(-7) - 13)/(2/(-4))?
38
Let t be 24*(8/3)/4. Let v be 1028/t + 1/(-4). Let o = v - 26. What is the remainder when o is divided by 10?
8
What is the remainder when 629 is divided by 8 + 7 - 7 - -10?
17
Let y(b) = -74*b + 45. Calculate the remainder when y(-3) is divided by 68.
63
Let g = -104 + 133. Let d = -5 + 20. Calculate the remainder when g is divided by d.
14
Let d = -353 + 567. Calculate the remainder when d is divided by 55.
49
Let p be (3 + -3)*(-3)/3. Suppose -3*n - 5*i + 24 = p, -4 = 3*n - 5*i + 2. Let k(s) = -s**2 - 7*s + 1. What is the remainder when n is divided by k(-7)?
0
Let l(z) = -z**2 - 3*z + 12. Let y be l(-5). Let b = 3 + y. What is the remainder when (19 - 2)/(-2 + 3) is divided by b?
2
Let s(w) = -w + 1. Calculate the remainder when (-3213)/(-306)*(18/7 - 2) is divided by s(-3).
2
Let g be (7/2 + -2)*2. Let d = -1 + 34. Calculate the remainder when d is divided by (12 - (-6)/2) + g.
15
Suppose 9*s - 16 = 29. Suppose s*b - b = -12, 5*d - 5*b = 95. Calculate the remainder when 77 is divided by d.
13
Let n = 0 - -5. Let v be (-6)/10 + 173/5. Suppose 0 = 15*s - 11 - v. Calculate the remainder when n is divided by s.
2
Let n = 5 + -3. Let o = 7 - n. Suppose 0 = -o*c - q + 229, 2*c - q = -3*q + 98. Calculate the remainder when c is divided by 16.
13
Suppose 3*x = -2*x + 5*v + 675, -3*x + 429 = 5*v. Calculate the remainder when x is divided by (-3 - -1) + (33 - 3).
26
Let u(q) = q**2 - 14*q + 49. What is the remainder when u(14) is divided by 11?
5
Let j = 52 + -32. Let s be ((-10 + 2)/(-2))/((-8)/(-8)). Suppose -d - 3*g = 9, 3*d - g + s*g - 3 = 0. What is the remainder when j is divided by d?
2
Let o(t) = 2*t + 20. Let p(c) = c**3 + 6*c**2 - c - 7. Let g be p(-6). What is the remainder when o(6) is divided by (-18)/g*1*1?
14
Calculate the remainder when (-10)/25 + 4743/45 is divided by 31.
12
Let p(b) = b**2 - 6*b - 29. Suppose -3 - 7 = -2*f. Calculate the remainder when p(10) is divided by f.
1
Let q(j) = -j + 6. Let m(p) = 2. Let d(x) = -5*m(x) + 2*q(x). What is the remainder when (-156)/(-10) - 3/5 is divided by d(-3)?
7
Suppose 0 = -3*f - 4*m + 70, 4*m + 12 = 5*f - 94. What is the remainder when f is divided by 13?
9
Suppose 87*m - 2793 = 38*m. What is the remainder when 275 is divided by m?
47
Suppose 24 = -3*t + t. Let d = t + -6. Let g = -6 - d. What is the remainder when 22 is divided by g?
10
Suppose 0 = -f + 3*g + 302, -5*g + 215 = f - 71. What is the remainder when f is divided by 7?
2
Let c be (-5 - 8/4)*-1. Let m(a) = 2*a - 1. Let o be m(c). Suppose -g - 82 = -4*r, -2*r = -4*g - 21 - o. What is the remainder when r is divided by 12?
9
Let k = -54 - -82. Let s = k - -2. Let v = s - 12. Calculate the remainder when 52 is divided by v.
16
Let z = 23 - 15. Calculate the remainder when ((48 - 97) + 52)/((-2)/(20/(-2))) is divided by z.
7
Let q(b) = -b**3 - 8*b**2 + b - 41. What is the remainder when 493 is divided by q(-9)?
28
Suppose -5*o = -5*i - 95, 20*i - 18*i + 78 = 4*o. Let j = 38 - 26. What is the remainder when o is divided by j?
8
Suppose 3*n + 3*r = -119 + 29, 3*n = -2*r - 85. Let f = 31 + n. What is the remainder when 33 is divided by f?
3
Let b = -205 - -500. Suppose j + b = 6*j. Calculate the remainder when j is divided by 21.
17
Let f(g) = 4*g**3 + 16*g**2 - 30*g - 9. Calculate the remainder when f(3) is divided by 78.
75
Let n(b) = 2*b**2 - 10*b + 4. Let u be n(12). Suppose 2*y - 34 = u. Let x(i) = i**3 + 8*i**2 + 7*i - 4. Calculate the remainder when y is divided by x(-6).
25
Suppose -1167*m + 8503 = -1156*m. What is the remainder when m is divided by 18?
17
Suppose 78*b - 68*b = 210. What is the remainder when 145 is divided by b?
19
Let u = 1318 + -1223. Calculate the remainder when u is divided by 11.
7
Let y be -15*(-4 + (-51)/(-15)). Suppose y*n + 0*n - 522 = 0. Calculate the remainder when n is divided by 30.
28
Suppose -13*f + 10*f + 57 = 0. What is the remainder when 48 is divided by f?
10
Suppose 36*d - 35*d = 35. Suppose 3*w - 7*w + 76 = 0. Suppose w = -2*z + 55. What is the remainder when d is divided by z?
17
Let t be (5 - 3) + (-14 - -1). Let a = -36 - t. Let j = a - -42. What is the remainder when j is divided by 10?
7
Suppose -8*s - 365 = -1357. Suppose t = 21 + s. Calculate the remainder when t is divided by 37.
34
Suppose -518*i - 1428 = -524*i. Calculate the remainder when i is divided by 121.
117
Let b be 662/5 + ((-6)/(-15))/(-1). Suppose 3*y + 6 = b. Calculate the remainder when y is divided by 11.
9
Suppose -15 - 15 = -2*s. Suppose 2*w + 4*d - 160 = 0, 5*d = -w + 62 + 30. Calculate the remainder when w is divided by s.
12
Suppose 4*o - 5*b = 930 - 237, -3*b = 15. Calculate the remainder when o is divided by 24.
23
Let m be (-1 + 5)/2 + 1. Suppose 0 = 5*t - 0*l - 4*l - 85, -m*t + 68 = l. What is the remainder when 60 is divided by t?
18
Suppose -24*m = 5*m - 1160. Calculate the remainder when m is divided by 27.
13
Suppose -3*c + 31 = -2. Let l = -208 + 145. What is the remainder when (12/7 - 2) + (-3987)/l is divided by c?
8
Suppose -b - 3*i = 3*b + 4, -3*i + 5 = -5*b. Let l be 1*12*b/1. Let m = l - -21. What is the remainder when 51 is divided by m?
6
Suppose 2*g + 1 = 5. Suppose 4*j - 28 = 4*u, 2*j - g = -2*u + u. Calculate the remainder when 7 is divided by j.
1
Let c(q) = 41*q - 282. Calculate the remainder when 18 is divided by c(7).
3
Let q = 29 + -35. Calculate the remainder when 42 is divided by q/(-8) + (-1615)/(-76).
20
Let o = -14 + 25. Suppose 52 = -4*a + 100. Suppose -4*s = a, g + 3*s - 1 = 2*s. Calculate the remainder when o is divided by g.
3
Let f = -7 - -13. Suppose 0 = l - 11 - f. What is the remainder when l is divided by 5?
2
What is the remainder when 475 is divided by (0 + -16)/((-215)/645)?
43
Suppose 0 = -3*z + 17 + 2